git of 830?
3
What is the tens digit of 81?
8
What is the units digit of 8418?
8
What is the hundreds digit of 132866?
8
What is the tens digit of 541?
4
What is the units digit of 13687?
7
What is the hundreds digit of 23394?
3
What is the thousands digit of 20296?
0
What is the units digit of 3913?
3
What is the tens digit of 2583?
8
What is the tens digit of 1872?
7
What is the units digit of 95886?
6
What is the tens digit of 1313?
1
What is the hundreds digit of 2533?
5
What is the units digit of 728?
8
What is the thousands digit of 37345?
7
What is the ten thousands digit of 19695?
1
What is the hundreds digit of 8831?
8
What is the units digit of 4704?
4
What is the tens digit of 2521?
2
What is the units digit of 5583?
3
What is the hundreds digit of 8827?
8
What is the ten thousands digit of 69641?
6
What is the ten thousands digit of 49806?
4
What is the hundreds digit of 854?
8
What is the tens digit of 323?
2
What is the hundreds digit of 663?
6
What is the ten thousands digit of 11939?
1
What is the hundreds digit of 868?
8
What is the tens digit of 368?
6
What is the hundreds digit of 116?
1
What is the thousands digit of 7579?
7
What is the thousands digit of 1331?
1
What is the units digit of 18279?
9
What is the hundreds digit of 1988?
9
What is the thousands digit of 1886?
1
What is the tens digit of 26064?
6
What is the tens digit of 7355?
5
What is the hundreds digit of 16274?
2
What is the units digit of 3431?
1
What is the hundreds digit of 6090?
0
What is the units digit of 37820?
0
What is the units digit of 723?
3
What is the units digit of 7341?
1
What is the units digit of 54?
4
What is the tens digit of 37182?
8
What is the ten thousands digit of 115023?
1
What is the tens digit of 1066?
6
What is the tens digit of 793?
9
What is the hundreds digit of 68028?
0
What is the tens digit of 5141?
4
What is the units digit of 12019?
9
What is the thousands digit of 17586?
7
What is the hundreds digit of 93173?
1
What is the thousands digit of 1165?
1
What is the tens digit of 538?
3
What is the tens digit of 3011?
1
What is the tens digit of 121641?
4
What is the units digit of 929?
9
What is the tens digit of 14422?
2
What is the units digit of 1757?
7
What is the tens digit of 149792?
9
What is the ten thousands digit of 38887?
3
What is the hundreds digit of 105335?
3
What is the units digit of 685?
5
What is the thousands digit of 2589?
2
What is the thousands digit of 2504?
2
What is the tens digit of 21141?
4
What is the units digit of 983?
3
What is the tens digit of 2474?
7
What is the thousands digit of 25252?
5
What is the tens digit of 870?
7
What is the ten thousands digit of 30399?
3
What is the tens digit of 15256?
5
What is the units digit of 326?
6
What is the units digit of 47329?
9
What is the hundreds digit of 327?
3
What is the units digit of 448?
8
What is the ten thousands digit of 44322?
4
What is the tens digit of 16672?
7
What is the units digit of 6515?
5
What is the hundreds digit of 744?
7
What is the units digit of 447?
7
What is the tens digit of 2864?
6
What is the thousands digit of 56351?
6
What is the units digit of 533?
3
What is the units digit of 438?
8
What is the units digit of 744?
4
What is the hundreds digit of 62725?
7
What is the thousands digit of 68324?
8
What is the units digit of 5994?
4
What is the ten thousands digit of 91729?
9
What is the tens digit of 7558?
5
What is the hundreds digit of 15482?
4
What is the units digit of 11920?
0
What is the thousands digit of 3164?
3
What is the units digit of 1360?
0
What is the hundreds digit of 1197?
1
What is the thousands digit of 1860?
1
What is the hundreds digit of 1208?
2
What is the tens digit of 387?
8
What is the units digit of 3417?
7
What is the ten thousands digit of 60391?
6
What is the tens digit of 1903?
0
What is the tens digit of 577?
7
What is the tens digit of 6038?
3
What is the thousands digit of 3658?
3
What is the units digit of 884?
4
What is the units digit of 984?
4
What is the hundreds digit of 10217?
2
What is the units digit of 63?
3
What is the hundreds digit of 18267?
2
What is the tens digit of 20703?
0
What is the hundreds digit of 4518?
5
What is the tens digit of 596?
9
What is the ten thousands digit of 86859?
8
What is the hundreds digit of 879?
8
What is the hundreds digit of 856?
8
What is the hundreds digit of 22847?
8
What is the hundreds digit of 1918?
9
What is the thousands digit of 10823?
0
What is the units digit of 3827?
7
What is the hundreds digit of 289?
2
What is the tens digit of 410?
1
What is the thousands digit of 5642?
5
What is the hundreds digit of 58206?
2
What is the thousands digit of 25451?
5
What is the hundreds digit of 18321?
3
What is the tens digit of 11350?
5
What is the thousands digit of 16107?
6
What is the thousands digit of 13833?
3
What is the thousands digit of 20056?
0
What is the hundreds digit of 1106?
1
What is the units digit of 670?
0
What is the hundreds digit of 120?
1
What is the hundreds digit of 30927?
9
What is the ten thousands digit of 159509?
5
What is the tens digit of 9225?
2
What is the hundreds digit of 6518?
5
What is the tens digit of 5451?
5
What is the thousands digit of 2639?
2
What is the units digit of 15152?
2
What is the tens digit of 4115?
1
What is the hundreds digit of 136239?
2
What is the units digit of 681?
1
What is the tens digit of 9044?
4
What is the units digit of 982?
2
What is the thousands digit of 5639?
5
What is the units digit of 2089?
9
What is the tens digit of 1024?
2
What is the thousands digit of 5615?
5
What is the thousands digit of 2055?
2
What is the thousands digit of 3720?
3
What is the units digit of 1234?
4
What is the units digit of 756?
6
What is the hundreds digit of 28810?
8
What is the thousands digit of 1843?
1
What is the tens digit of 23334?
3
What is the units digit of 1183?
3
What is the hundreds digit of 17113?
1
What is the tens digit of 94?
9
What is the units digit of 1380?
0
What is the thousands digit of 4077?
4
What is the tens digit of 5468?
6
What is the thousands digit of 9484?
9
What is the thousands digit of 74224?
4
What is the thousands digit of 45330?
5
What is the tens digit of 6244?
4
What is the units digit of 49029?
9
What is the ten thousands digit of 81712?
8
What is the tens digit of 7451?
5
What is the units digit of 1517?
7
What is the tens digit of 6422?
2
What is the tens digit of 12125?
2
What is the tens digit of 49286?
8
What is the units digit of 3575?
5
What is the tens digit of 1121?
2
What is the thousands digit of 77739?
7
What is the hundreds digit of 2609?
6
What is the ten thousands digit of 12785?
1
What is the tens digit of 889?
8
What is the ten thousands digit of 27263?
2
What is the thousands digit of 77724?
7
What is the tens digit of 20299?
9
What is the hundreds digit of 89079?
0
What is the hundreds digit of 119089?
0
What is the units digit of 29270?
0
What is the hundreds digit of 2688?
6
What is the units digit of 1072?
2
What is the hundreds digit of 347?
3
What is the tens digit of 71153?
5
What is the thousands digit of 44529?
4
What is the thousands digit of 1037?
1
What is the units digit of 7414?
4
What is the ten thousands digit of 16476?
1
What is the tens digit of 2097?
9
What is the units digit of 1668?
8
What is the units digit of 147400?
0
What is the units digit of 4470?
0
What is the hundreds digit of 6214?
2
What is the tens digit of 2627?
2
What is the tens digit of 16944?
4
What is the units digit of 46734?
4
What is the units digit of 13982?
2
What is the hundreds digit of 3063?
0
What is the tens digit of 15359?
5
What is the hundreds digit of 5837?
8
What is the hundreds digit of 21722?
7
What is the units digit of 860?
0
What is the tens digit of 223?
2
What is the tens digit of 4092?
9
What is the thousands digit of 1124?
1
What is the ten thousands digit of 26923?
2
What is the units digit of 130556?
6
What is the tens digit of 14588?
8
What is the units digit of 12288?
8
What is the tens digit of 1633?
3
What is the tens digit of 1922?
2
What is the hundreds digit of 5725?
7
What is the thousands digit of 2298?
2
What is the units digit of 949?
9
What is the hundreds digit of 14661?
6
What is the ten thousands d